 9)) + 2
7
What is (-1 - -10) + -16 + 12?
5
What is 90 + -96 + (0 - -4)?
-2
(8 - (-7 - (0 + 3 + -11))) + -21
-14
What is 6 - (1 + 6 + (-2 - 8))?
9
What is the value of -14 + (0 - -3 - -3)?
-8
What is -69 - -67 - (-4 + 0 + -5)?
7
What is 4 - (9 - (9 - 16))?
-12
What is the value of (-15 - (-11 - 0) - -7) + 4?
7
Evaluate 0 - ((-2 - -11) + -37 + 26).
2
(-1 + 9 - (27 + -13)) + 6 + -2
-2
What is 1 - (-16 + 9 - -10 - (2 + 4))?
4
Evaluate -14 - -3 - (2 + -6).
-7
13 + -1 + 6 - (17 - 9)
10
Evaluate 5 + 1 + (-121 - -104).
-11
9 + 9 + -27 + (4 - 0) - -19
14
What is (10 - (14 - (13 + -6))) + 29?
32
Calculate 25 - 2 - (-5 - (-4 - (16 + -10))).
18
Calculate -7 + (-1 - -6 - -6) + -9 - -18.
13
Calculate (17 - (11 + -16) - (8 + 0)) + -3.
11
What is the value of -3 - -9 - (3 + -4)?
7
What is the value of -9 + (-2 - -2) + (-6 - 5) + 17?
-3
Calculate 1 + -16 + (-38 - 0 - -52).
-1
What is the value of (-34 - (-12 + -15)) + 16?
9
What is the value of (-22 - -28) + 2 + (2 - 8)?
2
Calculate 127 + -131 + (-15 - (2 - (0 + -1))).
-22
What is 12 + -12 + 11 + (3 - -9)?
23
Calculate 4 + 3 + 13 + -31 + 2.
-9
Evaluate 106 + -122 - (6 - 50).
28
Evaluate -12 + (14 - (-63 + 44)).
21
Evaluate -17 - (16 - 37) - (1 - -7).
-4
-3 + (26 - 35) + (24 - 1)
11
Calculate -2 + (-19 + (-1 - -13) - -9).
0
What is the value of -11 + (-6 - (-13 - 7)) - (-1 + 25)?
-21
(56 + -17 - 11) + -15
13
Calculate (1 - (5 + 0)) + -30 + (-8 - -30).
-12
Calculate -4 + 2 + -1 - (11 - 11).
-3
Calculate (28 - 36) + 23 + -39.
-24
Calculate (-11 - (-11 + 4) - 3) + 10 - 25.
-22
What is -916 + 933 + (-10 - 3 - -2)?
6
Calculate (1 - 4) + 3 + -36 + 44.
8
What is the value of -3 + (7 - 3) + -2?
-1
Calculate (-5 - -10) + 18 - (9 + -2).
16
What is ((11 - 0) + -2 - (54 + -48)) + 5?
8
Evaluate (-8 + (14 - 8) - (3 - -1)) + 3.
-3
What is (17 + -21 - 0) + 1?
-3
Evaluate (-20 - 28) + 16 + -8 - (-2 - 4).
-34
What is the value of 28 + (7 - 20) + -2?
13
Calculate 0 - (2 - (6 + -1)) - -2.
5
Calculate 86 - 70 - (26 + -5).
-5
What is the value of -23 + 0 - ((-11 - -17) + (-50 - -38))?
-17
-3 - (10 + -1 - (-3 - -6))
-9
(-1 - 18) + (-27 - -42)
-4
Calculate (2 - (3 - -4)) + 18 + -2.
11
Evaluate -5 + 38 - (-114 - -137).
10
Calculate -206 - -234 - (13 + 0).
15
What is 2 + -59 + 37 + 20?
0
What is -4 + -2 + 16 - (-17 - -14)?
13
Evaluate 10 + -8 + 6 + -6.
2
Calculate 1 + 9 + (-11 - -8) + -4.
3
Calculate 58 + -55 - (1 + -3).
5
Calculate 8 + 34 + (27 - 59).
10
Calculate (-8 - -1) + -67 + 78.
4
Evaluate 0 + -6 - (117 + -132).
9
-10 - (-1 + 7 - (17 + -14))
-13
Calculate -10 - (-3 + -3 - -9 - 29) - -9.
25
What is (-3 + 2 - 9) + 9 + -37 + 22?
-16
Calculate 3 + -6 + -6 + 10.
1
What is the value of 9 + (-12 - -7) + (5 - (-7 - -19))?
-3
-12 + (5 - (-22 - -7))
8
Evaluate -15 + (-18 - -25) + -1 + 4 - -35.
30
14 + 1 - (-1129 + 1156)
-12
13 + -22 - (1 - (5 + -1))
-6
What is (11 - 1) + (11 - (12 + 7)) - -7?
9
What is the value of (-41 + 21 - -40) + -33?
-13
1 + 10 - (45 - 26)
-8
What is (-2 - -1) + 0 - (80 - 71)?
-10
Calculate -11 + (-8 - 2 - (6 + 11 - 21)).
-17
Evaluate -25 - (-13 - -12 - -3 - 11).
-16
What is (7 - -1) + -6 + (1 - 7) - 8?
-12
-435 + 418 - (-27 - 1)
11
Calculate -118 - -115 - (-1 - 1 - (-32 - -3)).
-30
Calculate -14 - (-8 + (12 - 7)).
-11
-5 - (-5 + (12 - -8) + -15)
-5
What is the value of (-14 - -14) + 2 + 6?
8
What is the value of -1 + 8 + -5 + (-11 - 0)?
-9
What is 13 - (3 - (-7 + 1 + 10)) - 2?
12
What is -22 + 44 + (-6 - 2)?
14
2 - ((-6 - (0 - 0)) + 56 + -50)
2
(-3 - (-1 + (10 + -10 - 10))) + 6
14
Evaluate (13 - 34) + -6 - (-1 + 4 - 8).
-22
What is the value of (4 - 8 - -27) + 8 + -5 + 2?
28
What is 34 + -35 + -19 + 40?
20
Calculate 8 - (-8 - ((10 - (-9 + 14)) + -20)).
1
Calculate 5 + 1 - (-26 + 33) - -8 - -3.
10
What is 5 + (1 + 5 - 10) - -10?
11
Evaluate -27 - (-31 + 32) - -19.
-9
0 + -15 - (-53 - (-48 + -17))
-27
Calculate 13 + -4 + -3 - -5 - (17 + -20).
14
What is the value of (5 + 0 - -22 - 3) + 4?
28
What is the value of 643 + -645 + (0 - -15)?
13
(-2 - -10 - 9) + 3
2
Evaluate -7 + (-8 - ((2 - -1) + 31 + -39)).
-10
What is 8 - (-16 - (-15 - -3))?
12
What is -36 + -1 - (65 - 95)?
-7
(0 - (13 - 19)) + (-4 - 15)
-13
-2 + 1 + (-27 - -24) + 7 + 3
6
What is -3 + (-10 - (-5 - -1)) - (17 + -33)?
7
What is the value of -18 + 1 + 1 - (-4 + (-9 - -9))?
-12
-6 + -2 + -9 + 16 - 7
-8
4 + 2 - (127 + -120)
-1
What is (-298 - -267) + -2 + 41?
8
Evaluate -12 - ((20 - 2) + (-33 - -8)).
-5
What is the value of -18 - (481 - 483 - (17 + -1))?
0
What is -4 + 0 + 6 + 10 + 6 - 12?
6
What is 6 + (-13 - (-1 + 1 + 1 + -4))?
-4
What is -5 + (-7 - -12) + (4 - -5 - 1)?
8
What is the value of -35 - -9 - -24 - -14?
12
Evaluate -14 + -3 - (-4 + -3) - 9.
-19
What is -1 + (1 - (-1 + -5 + 0)) - 16?
-10
What is the value of -23 - (-13 + -1 - -16)?
-25
What is the value of -14 - (-5 + (4 - 3))?
-10
Evaluate (-13 - -5) + 17 + -1 - 0.
8
16 - ((31 - 2) + -12)
-1
What is -6 + 5 + (-26 - -45)?
18
Evaluate (0 - -49) + (-289 - -258).
18
What is 1 - (0 + -26 - (69 + -70))?
26
Evaluate 13 + -5 + -30 + 52.
30
What is -7 + -3 + -11 + 30?
9
What is -37 - -60 - 26 - (-15 + 4 + -2)?
10
Evaluate 83 + -91 + 13 + 2 + 3.
10
(4 - 1) + 21 + (-33 - -11) + -18
-16
What is the value of -9 - (-20 - (-22 + 8))?
-3
What is the value of 1 + -21 - (-3 - (-13 - (-24 + 10)))?
-16
Calculate (18 - (20 + -7)) + -15.
-10
What is the value of 1 - 0 - (200 - 209)?
10
What is the value of (11 - 5) + (-86 + 87 - (6 + 2))?
-1
-4 - ((21 - -4) + -12)
-17
Calculate (15 - 11 - -5) + (5 - 9).
5
-4 - (28 + -36) - (0 - -14)
-10
What is the value of -4 - (-10 - (-1 + -3 + 0))?
2
Calculate (-15 - 10 - -28) + 1 + -17.
-13
0 - (2 - (-1 + 24 - (21 - 19)))
19
Evaluate (-21 - 0) + 3 - (-9 + -1 + 11).
-19
What is the value of (12 - -9) + -1 + -5?
15
Calculate 3 - (-2 - (-7 - -5 - -11)).
14
Calculate 12 + -6 + (-23 + 14 - 13).
-16
What is the value of (-3 - (1 - 3 - -2)) + 77 + -93?
-19
-11 + (10 - (6 + 25))
-32
What is the value of 10 + -1 + -13 - -3?
-1
(3 - 2 - 9) + (19 + -12 - 2)
-3
Calculate 8 - (10 + -4 - -19).
-17
Calculate -12 + (-28 - -19) + 11.
-10
Evaluate -18 + (0 + -2 + 1 - (1 + -5)).
-15
(25 - (17 - (-1 + 10))) + -28
-11
What is -80 + 72 + 14 + 4?
10
Calculate (3 - -5 - (61 + -48)) + 23.
18
Calculate -5 - 1 - (-7 - -1) - 7 - -32.
25
9 + 6 + -4 + 8 + -20
-1
Evaluate -14 + 7 + 8 + -10.
-9
What is the value of -10 + (-30 - -20) + (7 - 1)?
-14
-5 + 22 - ((-4 - 4) + 9) - -2
18
What is the value of 2 + -5 - 4 - -43 - (7 - 0)?
29
What is -9 + -14 + 39 + -9 + -9 + 1?
-1
Calculate (-80 - -85) + (-9 + 2 - -2).
0
Calculate -7 - ((-5 - 3) + 7) - (-4 + 0).
-2
What is the value of -4 + (-3 - 6) + (25 - 28)?
-16
What is (-206 - -179) + (-1 + 3 - (1 + 1))?
-27
Calculate -3 - (0 - 1 - -1) - -12.
9
Calculate (14 - 27) + 7 + -8.
-14
Calculate (7 - 1) + -3 - (-440 - -424).
19
What is -4 - (38 + -36 + (1 - 9) + 0)?
2
What is the value of 2 + -2 + (-3 - 0) - 2?
-5
What is 11 - 3 - (3 + 3) - (15 + -19)?
6
What is the value of (11 - 26) + -21 + (4 - -14)?
-18
What is the value of -9 - (-2 + 2) - (-659 - -666)?
-16
What is the value of -2 + 10 + -9 + -9 + 12?
2
What is the value of -13 + 5 + 2 + (3 - 3) + 1?
-5
(0 - (3 - 3)) + (10 - (8 + -3))
5
What is (3 + 2 - (-9 + -8 + 12)) + 2?
12
What is the value of (37 + -42 - -25) + -17?
3
Calculate -37 - -24 - ((-1 - 0) + 0 + -2).
-10
Calculate (0 - -2) + -6 + (22 - (12 + 13)).
-7
4 + (-5 - (-6 + 8 - 6))
3
Calculate -56 + 39 - (-7 - 13).
3
Calculate (-27 + 16 - (-1 - -2)) + -6.
-18
Evaluate 11 - (-15 - -7) - 3.
16
Calculate (-3 + 9 - 23) + 6.
-11
Evaluate 6 - (15 + (13 - 11)) - 8.
-19
3 + 2 - (-18 + (1 - (6 + -15)))
13
17 + -13 - (-9 + 1)
12
Evaluate -2 + (-25 + 46 - 2).
17
What is the value of 35 + -36 + (2 - 1 - -1) + -7?
-6
What is the value of -4 + 23 + (42 - 20 - 17)?
24
What is the value of 13 + (-6 - 2) + -1?
4
Calculate (-9 + 2 - (-6 + 22)) + (15 - 18).
-26
Calculate -4 - (-4 - (12 + -11) - 6).
7
(8 - -2) + -7 + 10 + -4 + 8
17
Evaluate -17 + (19 + -4 - 9).
-11
Calculate 2 - 0 - (8 + -68 - -100).
-38
What is 3 - (-2 + 26 + -9)?
-12
-331 + 286 + (1 - -32)
-12
What is (2 - (-3 - -25)) + -20 + 29 + -4?
-15
What is 38 + -36 - (-1 - 2 - (-13 + 3))?
-5
Calculate (-6 - ((-6 - 0) + -3 + 2)) + 7.
8
Evaluate (-108 + 92 - (0 - 8)) + (30 - 3).
19
What is 7 + -15 - (-5 - (8 + -3 + -4))?
